) = -2*m**2 + 23*m - 38. Let v be n(9). Suppose -6*b + v*b = 2*l + 7, 0 = 3*l + 4*b + 38. Let j(p) = 2*p - 2. Determine j(l).
-14
Let z(i) = -989*i + 13853. Let d be z(14). Let a(s) = -47*s + 329. Calculate a(d).
0
Let k(c) be the second derivative of -c**4/12 - 2*c**3 + 19*c**2/2 + 9*c. Let o(j) = 77*j - 2016. Let d be o(26). Determine k(d).
-9
Let c = -184 + 186. Let d(o) = 2*o + 5 + 0 - c - 3. Calculate d(-1).
-2
Let c(u) = 0 + u - 2*u**2 + 1 + 3 - 2. Let j(d) = 3*d**2 + 59*d - 80. Let b be j(-21). Determine c(b).
-26
Let n(l) = 3*l**3 - 15*l**2 - 97*l + 427. Let a be n(4). Let k(x) = 3*x**2 + 9*x + 9. Determine k(a).
171
Let r(s) = -852*s - 15. Let y(m) = 169*m + 3. Let f(c) = -r(c) - 5*y(c). Let z = -4 + 7. Let q = z + -2. Determine f(q).
7
Let c be 6 - 30/5 - -250. Let y(x) = 251 + x - c + 2*x**3 + 4*x**3. What is y(-1)?
-6
Let g(f) = -45*f**2 - 4699 + 4617 + 3*f + 46*f**2. Determine g(8).
6
Suppose -1 + 16 = -5*t. Let o(u) = -12*u - 31. Let g be o(-5). Let w(k) = -15*k + g*k - 1 - 13*k. Calculate w(t).
-4
Let r(g) = 2*g**3 - 8*g**2 - 29*g - 11. Let i(x) = 3*x**3 - 9*x**2 - 33*x - 14. Let c(m) = 7*i(m) - 8*r(m). Calculate c(-3).
-139
Let z(o) = -3*o + 209 - 443 + 229. What is z(-4)?
7
Let o = 28 - 24. Suppose -o*v = -4*f - 12, 2*v + 5 = 5*f - 4. Let x(h) = v*h**2 - 4*h + 0*h**3 - h**3 - 6*h + 2*h + 8. Calculate x(7).
1
Let n(y) = 17*y + 2. Let s(i) = -18*i - 2. Let p(t) = -5*n(t) - 6*s(t). Let d(g) = 300*g + 27. Let o = -26 + 24. Let r(x) = o*d(x) + 27*p(x). What is r(-1)?
-21
Let q be ((-4)/((-12)/(-213)))/(2/(-8)). Let o = q - 289. Let p(l) = 4 - 7*l - 2*l**2 - 3 - 2 + 2. What is p(o)?
-14
Let i(s) = -s**3 + s**2 + s. Let v(c) = c**3 + 3*c**2 - 3*c - 2. Let t(d) = -2*i(d) - v(d). Suppose -j + 53*r - 50*r = -2, -4*r = j - 9. Determine t(j).
7
Let g(r) = r**3 + 41*r**2 - 134*r - 92. Let u be g(-44). Let l(z) = -7*z**2 - 5*z - 4. Determine l(u).
-96
Let a = -34 + 42. Let t(b) = -2*b**3 + 15*b**2 + 9*b - 4. Let f be t(a). Let g be (-5 + f)/(1/(-5)). Let s(h) = 3*h - 2. Give s(g).
13
Let i(b) = -508*b**2 + 34*b + 150. Let t(u) = 46*u**2 - u. Let a(c) = -i(c) - 11*t(c). Calculate a(16).
-6
Let w(k) = 23*k**2 - 10 - 6*k**2 - 18*k**2 - 2*k**2 - 2 + 11*k. Give w(3).
-6
Let q(f) be the second derivative of -f**4/12 + 13*f**3/2 - 135*f**2 + 12*f + 72. Determine q(30).
0
Let m(p) = 337*p**2 + 3 - 334*p**2 - 4. Let u(q) = 2*q**2 - 3*q. Let h(c) = -3*m(c) + 4*u(c). Calculate h(-12).
3
Suppose 276*f - 274*f + 37 = 5*o, o - 2*f - 9 = 0. Let z(w) = -w**2 + 10*w - 16. Calculate z(o).
5
Let m = 4063 + -4060. Let n(y) = -2*y**3 + y**2 + 11*y - 3. What is n(m)?
-15
Let q be ((-2)/3)/((-4)/300). Let z(m) = -4*m + 87. Let o be z(7). Let l = o - q. Let u(b) = b - 5. Give u(l).
4
Suppose 0 = 4*g + 87 - 87. Suppose g = t + 4 - 13. Let n(c) = t - c + 3 + 2 - 4. Calculate n(8).
2
Let i(m) = 0 - 89*m + 88*m + 1 + 2. Let c(d) = 3*d - 15. Let u(n) = -c(n) - 2*i(n). Suppose -l = -5*l - 3*b + 16, 0 = -2*l + 4*b + 30. Calculate u(l).
2
Let f(s) = s**3 - 7*s + 2. Suppose 2577 = -181*n - 678*n. What is f(n)?
-4
Let p(g) = -5*g**2 + 3*g + 16. Let t(o) = 14*o**2 - 8*o - 46. Let r be 1 + 3/(-9)*(-22 - -7). Let n(u) = r*t(u) + 17*p(u). What is n(3)?
-4
Let t(h) = h**3 - 7*h**2 - h + 7. Let q be t(7). Let o be 38/(-209) - ((-136)/22 + -2). Let w(r) = 9*r**2 - 9 - o*r**2 + 28. Calculate w(q).
19
Suppose -12*g + 16*g = -68. Let q = 21 + g. Let c(j) = -2*j**2 - 6*j + 2. Let t(i) = i**2 + i - 1. Let l(o) = c(o) + 3*t(o). Calculate l(q).
3
Let f(a) = -a**3 + 10*a**2 - 28*a + 51. Let q be f(7). Suppose -6 = 2*g, 0 = 5*i + g + 4*g - 5. Let p(n) = i - 3 + 0 + 4*n - 5*n. Determine p(q).
-1
Let v(h) = -2*h - 2. Let q = -663 - -742. Suppose 22*c - q = -13. Determine v(c).
-8
Let d(n) = 2*n**3 - 4*n**2 + 2*n - 1. Let h(f) = 2*f**3 + 48*f**2 - 52*f - 46. Let j be h(-25). What is d(j)?
71
Let w(x) = 10*x - 65. Suppose p - 111 + 144 = 3*j, 0 = 8*j - 5*p - 81. Calculate w(j).
55
Let x(u) = 10*u**3 - u**2 + u + 7. Let v(m) = 2*m**3 + m + 1. Let j = 218 + -217. Let h(y) = j*x(y) - 4*v(y). What is h(2)?
9
Let n(o) = 0*o - 3*o + 5 - 11 + 2*o. Let m be n(-5). Let y(c) = 16*c**2 + 11*c - 8. Let u(s) = -5*s**2 - 4*s + 3. Let k(q) = 11*u(q) + 4*y(q). Give k(m).
10
Let f = 2482 + -2505. Let l(j) = -j**3 - 23*j**2 - j - 33. What is l(f)?
-10
Let t(h) = 4*h + 29. Let n(q) = -9*q - 67. Let y(d) = 3*n(d) + 7*t(d). Give y(1).
3
Let w(n) = -12*n - 4. Let v(h) = 16*h + 2. Let a(m) = -16*m - 3. Let i(c) = 3*a(c) + 2*v(c). Let f(p) = -2*i(p) + 3*w(p). Calculate f(5).
-22
Let m = 111 + -108. Let p(d) = 4*d**2 + 4*d + 10. Let o(k) = -9*k**2 - 9*k - 21. Let x(g) = m*o(g) + 7*p(g). Calculate x(0).
7
Let l = 5 + -2. Let t(v) be the second derivative of -v**5/20 + v**4/6 - 2*v**3/3 + 3*v**2/2 - 7218*v. Determine t(l).
-18
Let w(h) = 10*h - 3*h**2 + 6*h**2 - 6*h + 2 + h**3. Suppose -2*k = l + 22 + 1, -l = 4*k + 31. Let j(n) = 2*n**2 + 31*n + 12. Let p be j(l). Calculate w(p).
-10
Let l(w) be the first derivative of -3/2*w**2 + 1/4*w**4 + 2*w + 0*w**3 - 96. Let a(i) = -i**2 + 7*i - 3. Let u be a(6). Give l(u).
20
Suppose -z - d = -1 - 0, 2*z + 4*d = 0. Let r(i) = -i**3 + 13*i**2 - 21*i - 8. Let k be r(11). Let g be z/(-4)*-8 - k. Let h(q) = -4*q**2 + 1. Give h(g).
-3
Let m(k) = k**3 + 8*k**2 - 7*k - 17. Let f(u) = -5*u**2 - 38*u - 64. Let z be f(-2). What is m(z)?
39
Let i(j) = -14*j**3 + 7*j**3 - 12 + 7*j**3 - 7*j - j**3 + 14*j**2 - 5*j**2. Give i(9).
-75
Let r(h) = -121*h + h**3 + 129*h + 7 - 147*h**2 + 138*h**2. Suppose 0 = m + m - 16. Calculate r(m).
7
Let t(o) = 5*o + 51 + 89 - 38*o + 18*o. Give t(9).
5
Let l be 10/(-12) + 0 - (-10 - (-1343)/102). Let f(k) = 2*k**3 + 6*k**2 - 8*k. What is f(l)?
0
Let m(v) = v + 8. Let c(i) = -i - 8. Let w(b) = 5*c(b) + 4*m(b). Let x = 22 - 22. Suppose x = -5*h - 3 - 7, 0 = -2*q + 2*h - 12. Give w(q).
0
Let h(b) = -13*b + 1. Suppose 0*i - 10*i = -40. Let f be i + (-1 - (4 - 2)). Determine h(f).
-12
Let n be 5 + (-14)/3 - 17/(-3). Let z be n*(14/(-6) + 1). Let t(b) = b**2 + 8*b - 5. What is t(z)?
-5
Let j(l) = 2*l - 28. Let k be j(15). Let r(c) = -5*c + 284 - 142 - c**k - 147. Let i be (-2)/(-4) + 11/(-2). What is r(i)?
-5
Suppose 10*r - 6*r = -p - 7, -5*p - 2*r = -1. Let k(b) = 10*b**3 + 3*b**2 + b - 2. What is k(p)?
12
Let p(t) = 2*t + 52*t**2 + 1 + 49*t**2 + 1 + 56*t**2 - 156*t**2. Suppose f + 2*f - 7 = -5*d, -2*f - 17 = -d. Calculate p(f).
26
Let s(y) = y - 19. Let q(p) = -65*p + 981. Let z be q(15). What is s(z)?
-13
Let w = -22542 + 22537. Let h(x) = -2*x**2 - 20*x - 54. Calculate h(w).
-4
Let v(r) = 96 - 22*r - 60 + 16*r. What is v(5)?
6
Suppose -15*i + 28 = -34*i + 26*i. Let y(j) be the first derivative of -5/3*j**3 + 1/4*j**i + 3*j - 9/2*j**2 + 9. What is y(6)?
-15
Let x(i) be the third derivative of i**5/60 - i**4/2 - 11*i**3/6 - 9*i**2. Let j = 3500 + -3487. Give x(j).
2
Let n(f) = f**3 + 6*f**2 + 7*f + 9. Let u(r) = 8*r**2 - 7*r - 29. Let m be u(-7). Suppose -415*s = -m*s + 18. What is n(s)?
-33
Let r be 11/((-12)/(-9) + -4 - -3). Let m = r - 33. Let n(f) = 38*f**2 - 37*f**2 - 3 + 28 - f**3 + m*f**3. Determine n(0).
25
Let g(u) = -2*u + 5. Let l(h) = -8*h**3 + 2*h**2 + 3*h + 1. Let n be l(-1). Suppose 52 = 5*x + 5*q + 7, -2*q = -n. Give g(x).
-5
Let n = -3531 + 3528. Let q(g) = 9*g + 33. Calculate q(n).
6
Let x = 9631 + -9618. Let u(i) = -2*i**3 + 25*i**2 + 12*i + 10. Give u(x).
-3
Let g(k) = k. Let v(n) = n**3 + 9*n**2 - 4*n - 6. Let p(w) = 6*g(w) + v(w). Let f(d) = d**3 + 9*d**2 + 3*d - 5. Let o(l) = -3*f(l) + 2*p(l). Give o(-8).
-21
Let l(v) = -v + 1. Let s(h) = 2*h**2 - 3*h + 4. Let r(u) = -3*l(u) + s(u). Let c = -375 + 376. What is r(c)?
3
Let f(v) = -3*v + 19. Let m(a) = a - 6. Let l(g) = 2*f(g) + 7*m(g). Suppose -33*b = 73*b. Calculate l(b).
-4
Let n(k) = 2*k - 32*k**2 + 54*k**2 - 20*k**2 + 3. Give n(-1).
3
Suppose 0 = z - 2 - 1. Suppose z*s + 2 = k, -3*s = 5*k - 3 + 11. Let i(c) be the third derivative of c**5/10 - c**3/6 + 21*c**2 - c + 2. Determine i(k).
5
Let h(q) = 2*q + 3. Let s = -331 + 335. Suppose 5*l + 33 + 30 = -s*v, -2*v + 29 = -3*l. What is h(l)?
-19
Suppose -21 = 3*f + 3. Let u(d) = 5*d - 26. Let i(z) = -6*z + 24. Let y(a) = -6*i(a) - 5*u(a). Let j(v) = 2*v - 1. Let t(p) = -6*j(p) + y(p). Determine t(f).
0
Let i(a) = 244*a - 9034. Let c be i(3